{"id":5216,"date":"2022-07-18T17:11:36","date_gmt":"2022-07-18T17:11:36","guid":{"rendered":"https:\/\/hydrobag.nl\/?page_id=45"},"modified":"2025-07-23T07:52:18","modified_gmt":"2025-07-23T07:52:18","slug":"kontakt","status":"publish","type":"page","link":"https:\/\/hydrobagenergy-systems.de\/?page_id=5216","title":{"rendered":"Kontakt"},"content":{"rendered":"\t\t<div data-elementor-type=\"wp-page\" data-elementor-id=\"5216\" class=\"elementor elementor-5216\" data-elementor-post-type=\"page\">\n\t\t\t\t<div class=\"elementor-element elementor-element-4f0d783 e-flex e-con-boxed e-con e-parent\" data-id=\"4f0d783\" data-element_type=\"container\" data-e-type=\"container\" data-settings=\"{&quot;background_background&quot;:&quot;classic&quot;}\">\n\t\t\t\t\t<div class=\"e-con-inner\">\n\t\t<div class=\"elementor-element elementor-element-02a81cc e-con-full e-flex e-con e-child\" data-id=\"02a81cc\" data-element_type=\"container\" data-e-type=\"container\">\n\t\t\t\t<div class=\"elementor-element elementor-element-d6f33fb elementor-widget elementor-widget-heading\" data-id=\"d6f33fb\" data-element_type=\"widget\" data-e-type=\"widget\" data-widget_type=\"heading.default\">\n\t\t\t\t<div class=\"elementor-widget-container\">\n\t\t\t\t\t<h2 class=\"elementor-heading-title elementor-size-default\"><b>Fragen? Kontaktieren Sie uns!<\/b><\/h2>\t\t\t\t<\/div>\n\t\t\t\t<\/div>\n\t\t\t\t<div class=\"elementor-element elementor-element-948a4c4 elementor-widget elementor-widget-text-editor\" data-id=\"948a4c4\" data-element_type=\"widget\" data-e-type=\"widget\" data-widget_type=\"text-editor.default\">\n\t\t\t\t<div class=\"elementor-widget-container\">\n\t\t\t\t\t\t\t\t\t<p>Sie suchen nachhaltige und energieeffiziente Hydrobag-L\u00f6sungen? Unser Expertenteam ber\u00e4t Sie zu Installation, Auswahl und Energieeinsparung \u2013 ma\u00dfgeschneidert f\u00fcr Ihr Zuhause oder Unternehmen.<\/p>\t\t\t\t\t\t\t\t<\/div>\n\t\t\t\t<\/div>\n\t\t\t\t<\/div>\n\t\t<div class=\"elementor-element elementor-element-6d4670b e-con-full e-flex e-con e-child\" data-id=\"6d4670b\" data-element_type=\"container\" data-e-type=\"container\" data-settings=\"{&quot;background_background&quot;:&quot;classic&quot;}\">\n\t\t\t\t<div class=\"elementor-element elementor-element-bd50a83 elementor-button-align-stretch elementor-widget elementor-widget-form\" data-id=\"bd50a83\" data-element_type=\"widget\" data-e-type=\"widget\" data-settings=\"{&quot;step_next_label&quot;:&quot;N\\u00e4chster&quot;,&quot;step_previous_label&quot;:&quot;Voriger&quot;,&quot;button_width&quot;:&quot;100&quot;,&quot;step_type&quot;:&quot;number_text&quot;,&quot;step_icon_shape&quot;:&quot;circle&quot;}\" data-widget_type=\"form.default\">\n\t\t\t\t<div class=\"elementor-widget-container\">\n\t\t\t\t\t\t\t<form class=\"elementor-form\" method=\"post\" name=\"Neues Formular\" aria-label=\"Neues Formular\">\n\t\t\t<input type=\"hidden\" name=\"post_id\" value=\"5216\"\/>\n\t\t\t<input type=\"hidden\" name=\"form_id\" value=\"bd50a83\"\/>\n\t\t\t<input type=\"hidden\" name=\"referer_title\" value=\"Kontakt - Hydrobag Energy Systems\" \/>\n\n\t\t\t\t\t\t\t<input type=\"hidden\" name=\"queried_id\" value=\"5216\"\/>\n\t\t\t\n\t\t\t<div class=\"elementor-form-fields-wrapper elementor-labels-above\">\n\t\t\t\t\t\t\t\t<div class=\"elementor-field-type-text elementor-field-group elementor-column elementor-field-group-name elementor-col-100\">\n\t\t\t\t\t\t\t\t\t\t\t\t<label for=\"form-field-name\" class=\"elementor-field-label\">\n\t\t\t\t\t\t\t\tName\t\t\t\t\t\t\t<\/label>\n\t\t\t\t\t\t\t\t\t\t\t\t\t\t<input size=\"1\" type=\"text\" name=\"form_fields[name]\" id=\"form-field-name\" class=\"elementor-field elementor-size-sm  elementor-field-textual\" placeholder=\"Name\">\n\t\t\t\t\t\t\t\t\t\t\t<\/div>\n\t\t\t\t\t\t\t\t<div class=\"elementor-field-type-email elementor-field-group elementor-column elementor-field-group-email elementor-col-100 elementor-field-required\">\n\t\t\t\t\t\t\t\t\t\t\t\t<label for=\"form-field-email\" class=\"elementor-field-label\">\n\t\t\t\t\t\t\t\tE-Mail\t\t\t\t\t\t\t<\/label>\n\t\t\t\t\t\t\t\t\t\t\t\t\t\t<input size=\"1\" type=\"email\" name=\"form_fields[email]\" id=\"form-field-email\" class=\"elementor-field elementor-size-sm  elementor-field-textual\" placeholder=\"E-Mail\" required=\"required\">\n\t\t\t\t\t\t\t\t\t\t\t<\/div>\n\t\t\t\t\t\t\t\t<div class=\"elementor-field-type-text elementor-field-group elementor-column elementor-field-group-field_d45a784 elementor-col-100 elementor-field-required\">\n\t\t\t\t\t\t\t\t\t\t\t\t<label for=\"form-field-field_d45a784\" class=\"elementor-field-label\">\n\t\t\t\t\t\t\t\tBetreff\t\t\t\t\t\t\t<\/label>\n\t\t\t\t\t\t\t\t\t\t\t\t\t\t<input size=\"1\" type=\"text\" name=\"form_fields[field_d45a784]\" id=\"form-field-field_d45a784\" class=\"elementor-field elementor-size-sm  elementor-field-textual\" placeholder=\"Betreff\" required=\"required\">\n\t\t\t\t\t\t\t\t\t\t\t<\/div>\n\t\t\t\t\t\t\t\t<div class=\"elementor-field-type-textarea elementor-field-group elementor-column elementor-field-group-message elementor-col-100\">\n\t\t\t\t\t\t\t\t\t\t\t\t<label for=\"form-field-message\" class=\"elementor-field-label\">\n\t\t\t\t\t\t\t\tNachricht\t\t\t\t\t\t\t<\/label>\n\t\t\t\t\t\t<textarea class=\"elementor-field-textual elementor-field  elementor-size-sm\" name=\"form_fields[message]\" id=\"form-field-message\" rows=\"4\" placeholder=\"Nachricht\"><\/textarea>\t\t\t\t<\/div>\n\t\t\t\t\t\t\t\t<div class=\"elementor-field-group elementor-column elementor-field-type-submit elementor-col-100 e-form__buttons\">\n\t\t\t\t\t<button class=\"elementor-button elementor-size-sm\" type=\"submit\">\n\t\t\t\t\t\t<span class=\"elementor-button-content-wrapper\">\n\t\t\t\t\t\t\t\t\t\t\t\t\t\t\t\t\t\t\t\t\t\t<span class=\"elementor-button-text\">Abschicken<\/span>\n\t\t\t\t\t\t\t\t\t\t\t\t\t<\/span>\n\t\t\t\t\t<\/button>\n\t\t\t\t<\/div>\n\t\t\t<\/div>\n\t\t<\/form>\n\t\t\t\t\t\t<\/div>\n\t\t\t\t<\/div>\n\t\t\t\t<\/div>\n\t\t\t\t\t<\/div>\n\t\t\t\t<\/div>\n\t\t\t\t<\/div>\n\t\t","protected":false},"excerpt":{"rendered":"<p>Fragen? Kontaktieren Sie uns! Sie suchen nachhaltige und energieeffiziente Hydrobag-L\u00f6sungen? Unser Expertenteam ber\u00e4t Sie zu Installation, Auswahl und Energieeinsparung \u2013 ma\u00dfgeschneidert f\u00fcr Ihr Zuhause oder Unternehmen.<\/p>\n","protected":false},"author":1,"featured_media":0,"parent":0,"menu_order":0,"comment_status":"closed","ping_status":"closed","template":"elementor_header_footer","meta":{"footnotes":""},"class_list":["post-5216","page","type-page","status-publish","hentry"],"yoast_head":"<!-- This site is optimized with the Yoast SEO plugin v27.4 - https:\/\/yoast.com\/product\/yoast-seo-wordpress\/ -->\n<title>Kontakt - Hydrobag Energy Systems<\/title>\n<meta name=\"description\" content=\"Nehmen Sie Kontakt auf mit Hydrobag Energy Systems \u2013 Ihrem SHK-Meisterbetrieb aus Weyhe bei Bremen. Wir beraten Sie pers\u00f6nlich zu W\u00e4rmepumpen und nachhaltigen Energiel\u00f6sungen.\" \/>\n<meta name=\"robots\" content=\"index, follow, max-snippet:-1, max-image-preview:large, max-video-preview:-1\" \/>\n<link rel=\"canonical\" href=\"https:\/\/hydrobagenergy-systems.de\/?page_id=5216\" \/>\n<meta property=\"og:locale\" content=\"de_DE\" \/>\n<meta property=\"og:type\" content=\"article\" \/>\n<meta property=\"og:title\" content=\"Kontakt - Hydrobag Energy Systems\" \/>\n<meta property=\"og:description\" content=\"Nehmen Sie Kontakt auf mit Hydrobag Energy Systems \u2013 Ihrem SHK-Meisterbetrieb aus Weyhe bei Bremen. Wir beraten Sie pers\u00f6nlich zu W\u00e4rmepumpen und nachhaltigen Energiel\u00f6sungen.\" \/>\n<meta property=\"og:url\" content=\"https:\/\/hydrobagenergy-systems.de\/?page_id=5216\" \/>\n<meta property=\"og:site_name\" content=\"Hydrobag Energy Systems\" \/>\n<meta property=\"article:publisher\" content=\"https:\/\/www.facebook.com\/profile.php?id=61557110230619\" \/>\n<meta property=\"article:modified_time\" content=\"2025-07-23T07:52:18+00:00\" \/>\n<meta name=\"twitter:card\" content=\"summary_large_image\" \/>\n<meta name=\"twitter:label1\" content=\"Gesch\u00e4tzte Lesezeit\" \/>\n\t<meta name=\"twitter:data1\" content=\"1\u00a0Minute\" \/>\n<script type=\"application\/ld+json\" class=\"yoast-schema-graph\">{\"@context\":\"https:\\\/\\\/schema.org\",\"@graph\":[{\"@type\":[\"WebPage\",\"ContactPage\"],\"@id\":\"https:\\\/\\\/hydrobagenergy-systems.de\\\/?page_id=5216\",\"url\":\"https:\\\/\\\/hydrobagenergy-systems.de\\\/?page_id=5216\",\"name\":\"Kontakt - Hydrobag Energy Systems\",\"isPartOf\":{\"@id\":\"https:\\\/\\\/hydrobagenergysy-36x4h5zd0n.live-website.com\\\/#website\"},\"datePublished\":\"2022-07-18T17:11:36+00:00\",\"dateModified\":\"2025-07-23T07:52:18+00:00\",\"description\":\"Nehmen Sie Kontakt auf mit Hydrobag Energy Systems \u2013 Ihrem SHK-Meisterbetrieb aus Weyhe bei Bremen. Wir beraten Sie pers\u00f6nlich zu W\u00e4rmepumpen und nachhaltigen Energiel\u00f6sungen.\",\"breadcrumb\":{\"@id\":\"https:\\\/\\\/hydrobagenergy-systems.de\\\/?page_id=5216#breadcrumb\"},\"inLanguage\":\"de\",\"potentialAction\":[{\"@type\":\"ReadAction\",\"target\":[\"https:\\\/\\\/hydrobagenergy-systems.de\\\/?page_id=5216\"]}]},{\"@type\":\"BreadcrumbList\",\"@id\":\"https:\\\/\\\/hydrobagenergy-systems.de\\\/?page_id=5216#breadcrumb\",\"itemListElement\":[{\"@type\":\"ListItem\",\"position\":1,\"name\":\"Home\",\"item\":\"https:\\\/\\\/hydrobagenergy-systems.de\\\/\"},{\"@type\":\"ListItem\",\"position\":2,\"name\":\"Kontakt\"}]},{\"@type\":\"WebSite\",\"@id\":\"https:\\\/\\\/hydrobagenergysy-36x4h5zd0n.live-website.com\\\/#website\",\"url\":\"https:\\\/\\\/hydrobagenergysy-36x4h5zd0n.live-website.com\\\/\",\"name\":\"Hydrobag Energy Systems\",\"description\":\"\",\"publisher\":{\"@id\":\"https:\\\/\\\/hydrobagenergysy-36x4h5zd0n.live-website.com\\\/#organization\"},\"potentialAction\":[{\"@type\":\"SearchAction\",\"target\":{\"@type\":\"EntryPoint\",\"urlTemplate\":\"https:\\\/\\\/hydrobagenergysy-36x4h5zd0n.live-website.com\\\/?s={search_term_string}\"},\"query-input\":{\"@type\":\"PropertyValueSpecification\",\"valueRequired\":true,\"valueName\":\"search_term_string\"}}],\"inLanguage\":\"de\"},{\"@type\":\"Organization\",\"@id\":\"https:\\\/\\\/hydrobagenergysy-36x4h5zd0n.live-website.com\\\/#organization\",\"name\":\"Hydrobag Energy Systems\",\"url\":\"https:\\\/\\\/hydrobagenergysy-36x4h5zd0n.live-website.com\\\/\",\"logo\":{\"@type\":\"ImageObject\",\"inLanguage\":\"de\",\"@id\":\"https:\\\/\\\/hydrobagenergysy-36x4h5zd0n.live-website.com\\\/#\\\/schema\\\/logo\\\/image\\\/\",\"url\":\"https:\\\/\\\/hydrobagenergy-systems.de\\\/wp-content\\\/uploads\\\/2024\\\/04\\\/cropped-Logo-Hydro-Energy_Logo-Bag.png\",\"contentUrl\":\"https:\\\/\\\/hydrobagenergy-systems.de\\\/wp-content\\\/uploads\\\/2024\\\/04\\\/cropped-Logo-Hydro-Energy_Logo-Bag.png\",\"width\":2671,\"height\":758,\"caption\":\"Hydrobag Energy Systems\"},\"image\":{\"@id\":\"https:\\\/\\\/hydrobagenergysy-36x4h5zd0n.live-website.com\\\/#\\\/schema\\\/logo\\\/image\\\/\"},\"sameAs\":[\"https:\\\/\\\/www.facebook.com\\\/profile.php?id=61557110230619\",\"https:\\\/\\\/www.instagram.com\\\/hydrobagenergysystems\"]}]}<\/script>\n<!-- \/ Yoast SEO plugin. -->","yoast_head_json":{"title":"Kontakt - Hydrobag Energy Systems","description":"Nehmen Sie Kontakt auf mit Hydrobag Energy Systems \u2013 Ihrem SHK-Meisterbetrieb aus Weyhe bei Bremen. Wir beraten Sie pers\u00f6nlich zu W\u00e4rmepumpen und nachhaltigen Energiel\u00f6sungen.","robots":{"index":"index","follow":"follow","max-snippet":"max-snippet:-1","max-image-preview":"max-image-preview:large","max-video-preview":"max-video-preview:-1"},"canonical":"https:\/\/hydrobagenergy-systems.de\/?page_id=5216","og_locale":"de_DE","og_type":"article","og_title":"Kontakt - Hydrobag Energy Systems","og_description":"Nehmen Sie Kontakt auf mit Hydrobag Energy Systems \u2013 Ihrem SHK-Meisterbetrieb aus Weyhe bei Bremen. Wir beraten Sie pers\u00f6nlich zu W\u00e4rmepumpen und nachhaltigen Energiel\u00f6sungen.","og_url":"https:\/\/hydrobagenergy-systems.de\/?page_id=5216","og_site_name":"Hydrobag Energy Systems","article_publisher":"https:\/\/www.facebook.com\/profile.php?id=61557110230619","article_modified_time":"2025-07-23T07:52:18+00:00","twitter_card":"summary_large_image","twitter_misc":{"Gesch\u00e4tzte Lesezeit":"1\u00a0Minute"},"schema":{"@context":"https:\/\/schema.org","@graph":[{"@type":["WebPage","ContactPage"],"@id":"https:\/\/hydrobagenergy-systems.de\/?page_id=5216","url":"https:\/\/hydrobagenergy-systems.de\/?page_id=5216","name":"Kontakt - Hydrobag Energy Systems","isPartOf":{"@id":"https:\/\/hydrobagenergysy-36x4h5zd0n.live-website.com\/#website"},"datePublished":"2022-07-18T17:11:36+00:00","dateModified":"2025-07-23T07:52:18+00:00","description":"Nehmen Sie Kontakt auf mit Hydrobag Energy Systems \u2013 Ihrem SHK-Meisterbetrieb aus Weyhe bei Bremen. Wir beraten Sie pers\u00f6nlich zu W\u00e4rmepumpen und nachhaltigen Energiel\u00f6sungen.","breadcrumb":{"@id":"https:\/\/hydrobagenergy-systems.de\/?page_id=5216#breadcrumb"},"inLanguage":"de","potentialAction":[{"@type":"ReadAction","target":["https:\/\/hydrobagenergy-systems.de\/?page_id=5216"]}]},{"@type":"BreadcrumbList","@id":"https:\/\/hydrobagenergy-systems.de\/?page_id=5216#breadcrumb","itemListElement":[{"@type":"ListItem","position":1,"name":"Home","item":"https:\/\/hydrobagenergy-systems.de\/"},{"@type":"ListItem","position":2,"name":"Kontakt"}]},{"@type":"WebSite","@id":"https:\/\/hydrobagenergysy-36x4h5zd0n.live-website.com\/#website","url":"https:\/\/hydrobagenergysy-36x4h5zd0n.live-website.com\/","name":"Hydrobag Energy Systems","description":"","publisher":{"@id":"https:\/\/hydrobagenergysy-36x4h5zd0n.live-website.com\/#organization"},"potentialAction":[{"@type":"SearchAction","target":{"@type":"EntryPoint","urlTemplate":"https:\/\/hydrobagenergysy-36x4h5zd0n.live-website.com\/?s={search_term_string}"},"query-input":{"@type":"PropertyValueSpecification","valueRequired":true,"valueName":"search_term_string"}}],"inLanguage":"de"},{"@type":"Organization","@id":"https:\/\/hydrobagenergysy-36x4h5zd0n.live-website.com\/#organization","name":"Hydrobag Energy Systems","url":"https:\/\/hydrobagenergysy-36x4h5zd0n.live-website.com\/","logo":{"@type":"ImageObject","inLanguage":"de","@id":"https:\/\/hydrobagenergysy-36x4h5zd0n.live-website.com\/#\/schema\/logo\/image\/","url":"https:\/\/hydrobagenergy-systems.de\/wp-content\/uploads\/2024\/04\/cropped-Logo-Hydro-Energy_Logo-Bag.png","contentUrl":"https:\/\/hydrobagenergy-systems.de\/wp-content\/uploads\/2024\/04\/cropped-Logo-Hydro-Energy_Logo-Bag.png","width":2671,"height":758,"caption":"Hydrobag Energy Systems"},"image":{"@id":"https:\/\/hydrobagenergysy-36x4h5zd0n.live-website.com\/#\/schema\/logo\/image\/"},"sameAs":["https:\/\/www.facebook.com\/profile.php?id=61557110230619","https:\/\/www.instagram.com\/hydrobagenergysystems"]}]}},"_links":{"self":[{"href":"https:\/\/hydrobagenergy-systems.de\/index.php?rest_route=\/wp\/v2\/pages\/5216","targetHints":{"allow":["GET"]}}],"collection":[{"href":"https:\/\/hydrobagenergy-systems.de\/index.php?rest_route=\/wp\/v2\/pages"}],"about":[{"href":"https:\/\/hydrobagenergy-systems.de\/index.php?rest_route=\/wp\/v2\/types\/page"}],"author":[{"embeddable":true,"href":"https:\/\/hydrobagenergy-systems.de\/index.php?rest_route=\/wp\/v2\/users\/1"}],"replies":[{"embeddable":true,"href":"https:\/\/hydrobagenergy-systems.de\/index.php?rest_route=%2Fwp%2Fv2%2Fcomments&post=5216"}],"version-history":[{"count":37,"href":"https:\/\/hydrobagenergy-systems.de\/index.php?rest_route=\/wp\/v2\/pages\/5216\/revisions"}],"predecessor-version":[{"id":7873,"href":"https:\/\/hydrobagenergy-systems.de\/index.php?rest_route=\/wp\/v2\/pages\/5216\/revisions\/7873"}],"wp:attachment":[{"href":"https:\/\/hydrobagenergy-systems.de\/index.php?rest_route=%2Fwp%2Fv2%2Fmedia&parent=5216"}],"curies":[{"name":"wp","href":"https:\/\/api.w.org\/{rel}","templated":true}]}}